##
## turbine-security-data.sql
##
## Torque will not autogenerate these files anymore - but sql-maven-plugin!
## If not, please run
## this SQL code manually to get your application up and running
##

INSERT INTO TURBINE_USER (USER_ID,LOGIN_NAME,PASSWORD_VALUE,FIRST_NAME,LAST_NAME)
    VALUES (1,'admin','password','','Admin');

INSERT INTO TURBINE_USER (USER_ID,LOGIN_NAME,PASSWORD_VALUE,FIRST_NAME,LAST_NAME)
    VALUES (2,'user','password','','User');
    
INSERT INTO TURBINE_USER (USER_ID,LOGIN_NAME,PASSWORD_VALUE,FIRST_NAME,LAST_NAME)
    VALUES (3,'anon','nopw','','Anon');

INSERT INTO `turbine_permission` (`PERMISSION_ID`, `PERMISSION_NAME`) VALUES
(2, 'Turbine'),
(1, 'TurbineAdmin');

INSERT INTO `turbine_role` (`ROLE_ID`, `ROLE_NAME`) VALUES
(1, 'turbineadmin'),
(2, 'turbineuser');

INSERT INTO `turbine_group` (`GROUP_ID`, `GROUP_NAME`) VALUES
(1, 'global'),
(2, 'Turbine');

INSERT INTO `turbine_role_permission` (`ROLE_ID`, `PERMISSION_ID`) VALUES
(1, 1),
(2, 2);

INSERT INTO `turbine_user_group_role` (`USER_ID`, `GROUP_ID`, `ROLE_ID`) VALUES
(1, 1, 1),
(1, 2, 1),
(2, 2, 2),
(2, 1, 2);

-- 
ALTER TABLE TURBINE_USER MODIFY COLUMN USER_ID INT auto_increment;
ALTER TABLE turbine_permission MODIFY COLUMN PERMISSION_ID INT auto_increment;
ALTER TABLE turbine_role MODIFY COLUMN ROLE_ID INT auto_increment;
ALTER TABLE turbine_group MODIFY COLUMN GROUP_ID INT auto_increment;


##-- use ID_TABLE  witk idMethod="idbroker" and set appropriate start_id and end_id 
##-- INSERT INTO ID_TABLE (id_table_id, table_name, next_id, quantity) VALUES (1,'TURBINE_USER',start_id, end_id);
    

